{"id":53,"date":"2018-01-29T11:21:19","date_gmt":"2018-01-29T11:21:19","guid":{"rendered":"https:\/\/themes.themeenergy.com\/bookyourtravel\/rent-a-car-premium\/?page_id=53"},"modified":"2025-03-24T18:43:53","modified_gmt":"2025-03-24T17:43:53","slug":"faq","status":"publish","type":"page","link":"https:\/\/www.nedroloc.com\/?page_id=53","title":{"rendered":"Conditions"},"content":{"rendered":"<div class=\"wpb-content-wrapper\"><p>[vc_row][vc_column][vc_column_text]Nous vous invitons \u00e0 prendre connaissance des conditions de location de Nedroloc &#8211; Votre partenaire de confiance sur le territoire alg\u00e9rien.[\/vc_column_text][\/vc_column][\/vc_row][vc_row][vc_column][vc_toggle title=\u00a0\u00bb1 &#8211; Principe\u00a0\u00bb style=\u00a0\u00bbround\u00a0\u00bb color=\u00a0\u00bbgrey\u00a0\u00bb]La prise en charge de nos v\u00e9hicules implique l&rsquo;acceptation sans r\u00e9serve de nos conditions.[\/vc_toggle][vc_toggle title=\u00a0\u00bb2- Conditions de location\u00a0\u00bb style=\u00a0\u00bbround\u00a0\u00bb color=\u00a0\u00bbgrey\u00a0\u00bb]<strong>2.1<\/strong> &#8211; \u00c2ge minimal 25 ans. Validit\u00e9 et anciennet\u00e9 du permis de conduire : Le conducteur du v\u00e9hicule lou\u00e9 doit \u00eatre en possession d&rsquo;un permis de conduire en cours de validit\u00e9, depuis plus de 3 ans (trois ans) sans interruption. Nous gardons le passeport\/pi\u00e8ce d&rsquo;identit\u00e9 du locataire le temps de la dur\u00e9e de la location. Il est interdit de fumer dans le v\u00e9hicule.<\/p>\n<p><strong>2.2<\/strong> &#8211; Conducteurs autoris\u00e9s : Le v\u00e9hicule ne peut \u00eatre conduit que par le locataire et le 2\u00e8me conducteur qui ont \u00e9t\u00e9 autoris\u00e9s par le loueur. Le signataire du contrat de location reste cependant enti\u00e8rement et seul responsable vis-\u00e0-vis du loueur.<\/p>\n<p><strong>2.3<\/strong> &#8211; D\u00e9p\u00f4t de caution : Une caution, suivant la cat\u00e9gorie du v\u00e9hicule, est d\u00e9pos\u00e9e lors de la signature du contrat de location. Elle sera restitu\u00e9e, sauf sinistre, \u00e0 la fin du contrat.[\/vc_toggle][vc_toggle title=\u00a0\u00bb3 &#8211; Etat du v\u00e9hicule\u00a0\u00bb style=\u00a0\u00bbround\u00a0\u00bb color=\u00a0\u00bbgrey\u00a0\u00bb]Le v\u00e9hicule est livr\u00e9 au locataire en parfait \u00e9tat de marche. Il fait l&rsquo;objet au d\u00e9part d&rsquo;un descriptif sign\u00e9 par les deux parties. Il devra \u00eatre restitu\u00e9 dans le m\u00eame \u00e9tat, \u00e0 d\u00e9faut, le locataire devra s&rsquo;acquitter des frais de remise en \u00e9tat.[\/vc_toggle][vc_toggle title=\u00a0\u00bb4 &#8211; Engagement du locataire\u00a0\u00bb style=\u00a0\u00bbround\u00a0\u00bb color=\u00a0\u00bbgrey\u00a0\u00bb]<\/p>\n<ul>\n<li>Ne pas sous-louer, ni transporter des personnes \u00e0 titre on\u00e9reux. Ne pas laisser conduire le v\u00e9hicule par d&rsquo;autres personnes que celles agr\u00e9es par le loueur.<\/li>\n<li>Ne pas utiliser le v\u00e9hicule \u00e0 des fins illicites (transports d&rsquo;alcool, drogue&#8230;)<\/li>\n<li>Le locataire s&rsquo;engage \u00e0 ne pas utiliser le v\u00e9hicule pour des trajets en dehors des routes praticables. Il est strictement interdit de conduire le v\u00e9hicule dans des zones desertiques, y compris le sahara.<\/li>\n<\/ul>\n<p>[\/vc_toggle][vc_toggle title=\u00a0\u00bb5 &#8211; Dur\u00e9e de location\u00a0\u00bb style=\u00a0\u00bbround\u00a0\u00bb color=\u00a0\u00bbgrey\u00a0\u00bb]La p\u00e9riode minimale de location est de 5 jours. La dur\u00e9e fix\u00e9e au contrat est ferme et non r\u00e9visable. En cas de restitution anticip\u00e9e du v\u00e9hicule, aucun remboursement ne sera fait. 400 Km\/jour[\/vc_toggle][vc_toggle title=\u00a0\u00bb6 &#8211; Restitution du v\u00e9hicule\u00a0\u00bb style=\u00a0\u00bbround\u00a0\u00bb color=\u00a0\u00bbgrey\u00a0\u00bb]<strong>6.1<\/strong> &#8211; Respect de la date, heure et lieu de restitution : Le locataire est tenu de restituer le v\u00e9hicule \u00e1 la date, heure et lieu pr\u00e9vu au contrat. Au-del\u00e0 d&rsquo;une heures de retard des frais de facturation seront \u00e9tablis \u00e1 300 DA de l&rsquo;heure. Le loueur se r\u00e9serve le droit d&rsquo;entreprendre les d\u00e9marches n\u00e9cessaires afin pr\u00e9server ses int\u00e9r\u00eats.<\/p>\n<p><strong>6.2<\/strong> &#8211; Retour du v\u00e9hicule propre : Le v\u00e9hicule devra \u00eatre rendu propre, lav\u00e9 int\u00e9rieur et ext\u00e9rieur, dans le cas contraire, il sera factur\u00e9 2000 DA.[\/vc_toggle][vc_toggle title=\u00a0\u00bb7 &#8211; Prolongement de la dur\u00e9e de location\u00a0\u00bb style=\u00a0\u00bbround\u00a0\u00bb color=\u00a0\u00bbgrey\u00a0\u00bb]Le prolongement du contrat de location n&rsquo;est possible qu&rsquo;avec l&rsquo;accord du loueur. La demande doit \u00eatre formul\u00e9e 72 heures avant la fin du contrat en cours et apr\u00e8s paiement des frais correspondant \u00e0 la dur\u00e9e demand\u00e9e.[\/vc_toggle][vc_toggle title=\u00a0\u00bb8 &#8211; Carburant\u00a0\u00bb style=\u00a0\u00bbround\u00a0\u00bb color=\u00a0\u00bbgrey\u00a0\u00bb]Le v\u00e9hicule doit \u00eatre restitu\u00e9, tel qu&rsquo;il a \u00e9t\u00e9 livr\u00e9. Tout manquement \u00e0 cette r\u00e8gle fera l&rsquo;objet d&rsquo;une facturation \u00e0 hauteur de 2000 DA.[\/vc_toggle][vc_toggle title=\u00a0\u00bb9 &#8211; En cas d&rsquo;accident et\/ou d\u00e9g\u00e2ts\u00a0\u00bb style=\u00a0\u00bbround\u00a0\u00bb color=\u00a0\u00bbgrey\u00a0\u00bb]<\/p>\n<ul>\n<li>Le chauffeur devra assumer financi\u00e8rement les d\u00e9g\u00e2ts mat\u00e9riels en cas de casse si il est fautif hormis les pi\u00e8ces m\u00e9caniques s&rsquo;il y a une panne.<\/li>\n<li>En cas de dommages \u00e0 la carrosserie, tels que des \u00e9raflures, des bosses ou des \u00e9clats, un forfait de [montant en dinar ou euros] sera d\u00e9duit de la caution, bas\u00e9 sur une estimation faite par notre \u00e9quipe.<\/li>\n<\/ul>\n<p>[\/vc_toggle][\/vc_column][\/vc_row]<\/p>\n<\/div>","protected":false},"excerpt":{"rendered":"<p>[vc_row][vc_column][vc_column_text]Nous vous invitons \u00e0 prendre connaissance des conditions de location de Nedroloc &#8211; Votre partenaire de confiance sur le territoire alg\u00e9rien.[\/vc_column_text][\/vc_column][\/vc_row][vc_row][vc_column][vc_toggle title=\u00a0\u00bb1 &#8211; Principe\u00a0\u00bb style=\u00a0\u00bbround\u00a0\u00bb color=\u00a0\u00bbgrey\u00a0\u00bb]La prise en charge de nos v\u00e9hicules implique l&rsquo;acceptation sans r\u00e9serve de nos conditions.[\/vc_toggle][vc_toggle title=\u00a0\u00bb2- Conditions de location\u00a0\u00bb style=\u00a0\u00bbround\u00a0\u00bb color=\u00a0\u00bbgrey\u00a0\u00bb]2.1 &#8211; \u00c2ge minimal 25 ans. Validit\u00e9 et anciennet\u00e9 du permis [&hellip;]<\/p>\n","protected":false},"author":1,"featured_media":0,"parent":0,"menu_order":0,"comment_status":"closed","ping_status":"closed","template":"","meta":{"om_disable_all_campaigns":false,"_monsterinsights_skip_tracking":false,"_monsterinsights_sitenote_active":false,"_monsterinsights_sitenote_note":"","_monsterinsights_sitenote_category":0,"footnotes":""},"class_list":["post-53","page","type-page","status-publish","hentry"],"aioseo_notices":[],"_links":{"self":[{"href":"https:\/\/www.nedroloc.com\/index.php?rest_route=\/wp\/v2\/pages\/53","targetHints":{"allow":["GET"]}}],"collection":[{"href":"https:\/\/www.nedroloc.com\/index.php?rest_route=\/wp\/v2\/pages"}],"about":[{"href":"https:\/\/www.nedroloc.com\/index.php?rest_route=\/wp\/v2\/types\/page"}],"author":[{"embeddable":true,"href":"https:\/\/www.nedroloc.com\/index.php?rest_route=\/wp\/v2\/users\/1"}],"replies":[{"embeddable":true,"href":"https:\/\/www.nedroloc.com\/index.php?rest_route=%2Fwp%2Fv2%2Fcomments&post=53"}],"version-history":[{"count":6,"href":"https:\/\/www.nedroloc.com\/index.php?rest_route=\/wp\/v2\/pages\/53\/revisions"}],"predecessor-version":[{"id":829,"href":"https:\/\/www.nedroloc.com\/index.php?rest_route=\/wp\/v2\/pages\/53\/revisions\/829"}],"wp:attachment":[{"href":"https:\/\/www.nedroloc.com\/index.php?rest_route=%2Fwp%2Fv2%2Fmedia&parent=53"}],"curies":[{"name":"wp","href":"https:\/\/api.w.org\/{rel}","templated":true}]}}